{"id":4334,"date":"2023-03-15T15:17:41","date_gmt":"2023-03-15T14:17:41","guid":{"rendered":"https:\/\/www.freundlich-wohnen.de\/wp-content\/uploads\/sites\/7\/2023\/03\/Wasserstoffagentur_Pressekonferenz_Web.jpg"},"modified":"2023-03-15T15:17:41","modified_gmt":"2023-03-15T14:17:41","slug":"wasserstoffagentur-pressekonferenz-2","status":"inherit","type":"attachment","link":"https:\/\/www.woge-saar.de\/en\/wasserstoffagentur-pressekonferenz-2\/","title":{"rendered":"Wasserstoffagentur Pressekonferenz"},"author":8,"featured_media":0,"comment_status":"closed","ping_status":"closed","template":"","meta":{"_acf_changed":false},"class_list":["post-4334","attachment","type-attachment","status-inherit","hentry"],"acf":[],"yoast_head":"<!-- This site is optimized with the Yoast SEO plugin v27.4 - https:\/\/yoast.com\/product\/yoast-seo-wordpress\/ -->\n<title>Wasserstoffagentur Pressekonferenz - Woge Saar<\/title>\n<meta name=\"robots\" content=\"index, follow, max-snippet:-1, max-image-preview:large, max-video-preview:-1\" \/>\n<link rel=\"canonical\" href=\"https:\/\/www.woge-saar.de\/wp-content\/uploads\/sites\/7\/2023\/03\/Wasserstoffagentur_Pressekonferenz_Web.jpg\" \/>\n<meta property=\"og:locale\" content=\"en_US\" \/>\n<meta property=\"og:type\" content=\"article\" \/>\n<meta property=\"og:title\" content=\"Wasserstoffagentur Pressekonferenz - Woge Saar\" \/>\n<meta property=\"og:description\" content=\"Wirtschaftsminister Barke und die technische Gesch\u00e4ftsf\u00fchrerin der saarl\u00e4ndischen Wasserstoffagentur Dr. Bettina H\u00fcbschen Foto: \u00a9 MWIDE\" \/>\n<meta property=\"og:url\" content=\"https:\/\/www.woge-saar.de\/wp-content\/uploads\/sites\/7\/2023\/03\/Wasserstoffagentur_Pressekonferenz_Web.jpg\" \/>\n<meta property=\"og:site_name\" content=\"Woge Saar\" \/>\n<meta property=\"og:image\" content=\"https:\/\/www.woge-saar.de\/wp-content\/uploads\/sites\/7\/2023\/03\/Wasserstoffagentur_Pressekonferenz_Web.jpg\" \/>\n\t<meta property=\"og:image:width\" content=\"1248\" \/>\n\t<meta property=\"og:image:height\" content=\"1872\" \/>\n\t<meta property=\"og:image:type\" content=\"image\/jpeg\" \/>\n<script type=\"application\/ld+json\" class=\"yoast-schema-graph\">{\"@context\":\"https:\\\/\\\/schema.org\",\"@graph\":[{\"@type\":\"WebPage\",\"@id\":\"https:\\\/\\\/www.woge-saar.de\\\/wp-content\\\/uploads\\\/sites\\\/7\\\/2023\\\/03\\\/Wasserstoffagentur_Pressekonferenz_Web.jpg\",\"url\":\"https:\\\/\\\/www.woge-saar.de\\\/wp-content\\\/uploads\\\/sites\\\/7\\\/2023\\\/03\\\/Wasserstoffagentur_Pressekonferenz_Web.jpg\",\"name\":\"Wasserstoffagentur Pressekonferenz - Woge Saar\",\"isPartOf\":{\"@id\":\"https:\\\/\\\/www.freundlich-wohnen.de\\\/#website\"},\"datePublished\":\"2023-03-15T14:17:41+00:00\",\"breadcrumb\":{\"@id\":\"https:\\\/\\\/www.woge-saar.de\\\/wp-content\\\/uploads\\\/sites\\\/7\\\/2023\\\/03\\\/Wasserstoffagentur_Pressekonferenz_Web.jpg#breadcrumb\"},\"inLanguage\":\"en-US\",\"potentialAction\":[{\"@type\":\"ReadAction\",\"target\":[\"https:\\\/\\\/www.woge-saar.de\\\/wp-content\\\/uploads\\\/sites\\\/7\\\/2023\\\/03\\\/Wasserstoffagentur_Pressekonferenz_Web.jpg\"]}]},{\"@type\":\"BreadcrumbList\",\"@id\":\"https:\\\/\\\/www.woge-saar.de\\\/wp-content\\\/uploads\\\/sites\\\/7\\\/2023\\\/03\\\/Wasserstoffagentur_Pressekonferenz_Web.jpg#breadcrumb\",\"itemListElement\":[{\"@type\":\"ListItem\",\"position\":1,\"name\":\"Startseite\",\"item\":\"https:\\\/\\\/www.woge-saar.de\\\/en\\\/\"},{\"@type\":\"ListItem\",\"position\":2,\"name\":\"Wasserstoffagentur Pressekonferenz\"}]},{\"@type\":\"WebSite\",\"@id\":\"https:\\\/\\\/www.freundlich-wohnen.de\\\/#website\",\"url\":\"https:\\\/\\\/www.freundlich-wohnen.de\\\/\",\"name\":\"Woge Saar\",\"description\":\"Eine weitere SHS | Strukturholding Saar Seiten Seite\",\"potentialAction\":[{\"@type\":\"SearchAction\",\"target\":{\"@type\":\"EntryPoint\",\"urlTemplate\":\"https:\\\/\\\/www.freundlich-wohnen.de\\\/?s={search_term_string}\"},\"query-input\":{\"@type\":\"PropertyValueSpecification\",\"valueRequired\":true,\"valueName\":\"search_term_string\"}}],\"inLanguage\":\"en-US\"}]}<\/script>\n<!-- \/ Yoast SEO plugin. -->","yoast_head_json":{"title":"Wasserstoffagentur Pressekonferenz - Woge Saar","robots":{"index":"index","follow":"follow","max-snippet":"max-snippet:-1","max-image-preview":"max-image-preview:large","max-video-preview":"max-video-preview:-1"},"canonical":"https:\/\/www.woge-saar.de\/wp-content\/uploads\/sites\/7\/2023\/03\/Wasserstoffagentur_Pressekonferenz_Web.jpg","og_locale":"en_US","og_type":"article","og_title":"Wasserstoffagentur Pressekonferenz - Woge Saar","og_description":"Wirtschaftsminister Barke und die technische Gesch\u00e4ftsf\u00fchrerin der saarl\u00e4ndischen Wasserstoffagentur Dr. Bettina H\u00fcbschen Foto: \u00a9 MWIDE","og_url":"https:\/\/www.woge-saar.de\/wp-content\/uploads\/sites\/7\/2023\/03\/Wasserstoffagentur_Pressekonferenz_Web.jpg","og_site_name":"Woge Saar","og_image":[{"width":1248,"height":1872,"url":"https:\/\/www.woge-saar.de\/wp-content\/uploads\/sites\/7\/2023\/03\/Wasserstoffagentur_Pressekonferenz_Web.jpg","type":"image\/jpeg"}],"schema":{"@context":"https:\/\/schema.org","@graph":[{"@type":"WebPage","@id":"https:\/\/www.woge-saar.de\/wp-content\/uploads\/sites\/7\/2023\/03\/Wasserstoffagentur_Pressekonferenz_Web.jpg","url":"https:\/\/www.woge-saar.de\/wp-content\/uploads\/sites\/7\/2023\/03\/Wasserstoffagentur_Pressekonferenz_Web.jpg","name":"Wasserstoffagentur Pressekonferenz - Woge Saar","isPartOf":{"@id":"https:\/\/www.freundlich-wohnen.de\/#website"},"datePublished":"2023-03-15T14:17:41+00:00","breadcrumb":{"@id":"https:\/\/www.woge-saar.de\/wp-content\/uploads\/sites\/7\/2023\/03\/Wasserstoffagentur_Pressekonferenz_Web.jpg#breadcrumb"},"inLanguage":"en-US","potentialAction":[{"@type":"ReadAction","target":["https:\/\/www.woge-saar.de\/wp-content\/uploads\/sites\/7\/2023\/03\/Wasserstoffagentur_Pressekonferenz_Web.jpg"]}]},{"@type":"BreadcrumbList","@id":"https:\/\/www.woge-saar.de\/wp-content\/uploads\/sites\/7\/2023\/03\/Wasserstoffagentur_Pressekonferenz_Web.jpg#breadcrumb","itemListElement":[{"@type":"ListItem","position":1,"name":"Startseite","item":"https:\/\/www.woge-saar.de\/en\/"},{"@type":"ListItem","position":2,"name":"Wasserstoffagentur Pressekonferenz"}]},{"@type":"WebSite","@id":"https:\/\/www.freundlich-wohnen.de\/#website","url":"https:\/\/www.freundlich-wohnen.de\/","name":"Woge Saar","description":"Eine weitere SHS | Strukturholding Saar Seiten Seite","potentialAction":[{"@type":"SearchAction","target":{"@type":"EntryPoint","urlTemplate":"https:\/\/www.freundlich-wohnen.de\/?s={search_term_string}"},"query-input":{"@type":"PropertyValueSpecification","valueRequired":true,"valueName":"search_term_string"}}],"inLanguage":"en-US"}]}},"smush":"Not processed","description":{"rendered":"<p class=\"attachment\"><a href='https:\/\/www.woge-saar.de\/wp-content\/uploads\/sites\/7\/2023\/03\/Wasserstoffagentur_Pressekonferenz_Web.jpg'><img loading=\"lazy\" decoding=\"async\" width=\"200\" height=\"300\" src=\"https:\/\/www.woge-saar.de\/wp-content\/uploads\/sites\/7\/2023\/03\/Wasserstoffagentur_Pressekonferenz_Web-200x300.jpg\" class=\"attachment-medium size-medium\" alt=\"\" srcset=\"https:\/\/www.woge-saar.de\/wp-content\/uploads\/sites\/7\/2023\/03\/Wasserstoffagentur_Pressekonferenz_Web-200x300.jpg 200w, https:\/\/www.woge-saar.de\/wp-content\/uploads\/sites\/7\/2023\/03\/Wasserstoffagentur_Pressekonferenz_Web-683x1024.jpg 683w, https:\/\/www.woge-saar.de\/wp-content\/uploads\/sites\/7\/2023\/03\/Wasserstoffagentur_Pressekonferenz_Web-768x1152.jpg 768w, https:\/\/www.woge-saar.de\/wp-content\/uploads\/sites\/7\/2023\/03\/Wasserstoffagentur_Pressekonferenz_Web-1024x1536.jpg 1024w, https:\/\/www.woge-saar.de\/wp-content\/uploads\/sites\/7\/2023\/03\/Wasserstoffagentur_Pressekonferenz_Web.jpg 1248w\" sizes=\"auto, (max-width: 200px) 100vw, 200px\" \/><\/a><\/p>\n"},"caption":{"rendered":"<p>Wirtschaftsminister Barke und die technische Gesch\u00e4ftsf\u00fchrerin der saarl\u00e4ndischen Wasserstoffagentur Dr. Bettina H\u00fcbschen<br \/>\nFoto: \u00a9 MWIDE<\/p>\n"},"alt_text":"","media_type":"image","mime_type":"image\/jpeg","media_details":{"width":1248,"height":1872,"file":"2023\/03\/Wasserstoffagentur_Pressekonferenz_Web.jpg","filesize":436010,"sizes":{"medium":{"file":"Wasserstoffagentur_Pressekonferenz_Web-200x300.jpg","width":200,"height":300,"filesize":11060,"mime_type":"image\/jpeg","source_url":"https:\/\/www.woge-saar.de\/wp-content\/uploads\/sites\/7\/2023\/03\/Wasserstoffagentur_Pressekonferenz_Web-200x300.jpg"},"large":{"file":"Wasserstoffagentur_Pressekonferenz_Web-683x1024.jpg","width":683,"height":1024,"filesize":63851,"mime_type":"image\/jpeg","source_url":"https:\/\/www.woge-saar.de\/wp-content\/uploads\/sites\/7\/2023\/03\/Wasserstoffagentur_Pressekonferenz_Web-683x1024.jpg"},"thumbnail":{"file":"Wasserstoffagentur_Pressekonferenz_Web-150x150.jpg","width":150,"height":150,"filesize":5051,"mime_type":"image\/jpeg","source_url":"https:\/\/www.woge-saar.de\/wp-content\/uploads\/sites\/7\/2023\/03\/Wasserstoffagentur_Pressekonferenz_Web-150x150.jpg"},"medium_large":{"file":"Wasserstoffagentur_Pressekonferenz_Web-768x1152.jpg","width":768,"height":1152,"filesize":75487,"mime_type":"image\/jpeg","source_url":"https:\/\/www.woge-saar.de\/wp-content\/uploads\/sites\/7\/2023\/03\/Wasserstoffagentur_Pressekonferenz_Web-768x1152.jpg"},"1536x1536":{"file":"Wasserstoffagentur_Pressekonferenz_Web-1024x1536.jpg","width":1024,"height":1536,"filesize":120095,"mime_type":"image\/jpeg","source_url":"https:\/\/www.woge-saar.de\/wp-content\/uploads\/sites\/7\/2023\/03\/Wasserstoffagentur_Pressekonferenz_Web-1024x1536.jpg"},"news-thumb":{"file":"Wasserstoffagentur_Pressekonferenz_Web-480x294.jpg","width":480,"height":294,"filesize":15476,"mime_type":"image\/jpeg","source_url":"https:\/\/www.woge-saar.de\/wp-content\/uploads\/sites\/7\/2023\/03\/Wasserstoffagentur_Pressekonferenz_Web-480x294.jpg"},"ansprechpartner-thumb":{"file":"Wasserstoffagentur_Pressekonferenz_Web-480x394.jpg","width":480,"height":394,"filesize":18498,"mime_type":"image\/jpeg","source_url":"https:\/\/www.woge-saar.de\/wp-content\/uploads\/sites\/7\/2023\/03\/Wasserstoffagentur_Pressekonferenz_Web-480x394.jpg"},"quickguide-thumb":{"file":"Wasserstoffagentur_Pressekonferenz_Web-478x238.jpg","width":478,"height":238,"filesize":13747,"mime_type":"image\/jpeg","source_url":"https:\/\/www.woge-saar.de\/wp-content\/uploads\/sites\/7\/2023\/03\/Wasserstoffagentur_Pressekonferenz_Web-478x238.jpg"},"gallery-thumb":{"file":"Wasserstoffagentur_Pressekonferenz_Web-600x320.jpg","width":600,"height":320,"filesize":19794,"mime_type":"image\/jpeg","source_url":"https:\/\/www.woge-saar.de\/wp-content\/uploads\/sites\/7\/2023\/03\/Wasserstoffagentur_Pressekonferenz_Web-600x320.jpg"},"headerGrafik2000":{"file":"Wasserstoffagentur_Pressekonferenz_Web-1248x680.jpg","width":1248,"height":680,"filesize":69587,"mime_type":"image\/jpeg","source_url":"https:\/\/www.woge-saar.de\/wp-content\/uploads\/sites\/7\/2023\/03\/Wasserstoffagentur_Pressekonferenz_Web-1248x680.jpg"},"full":{"file":"Wasserstoffagentur_Pressekonferenz_Web.jpg","width":1248,"height":1872,"mime_type":"image\/jpeg","source_url":"https:\/\/www.woge-saar.de\/wp-content\/uploads\/sites\/7\/2023\/03\/Wasserstoffagentur_Pressekonferenz_Web.jpg"}},"image_meta":{"aperture":"4","credit":"MWIDE SAARLAND","camera":"X-S10","caption":"","created_timestamp":"1678799724","copyright":"MWIDE-SAARLAND","focal_length":"55","iso":"3200","shutter_speed":"0.0025","title":"","orientation":"1","keywords":[]}},"post":null,"source_url":"https:\/\/www.woge-saar.de\/wp-content\/uploads\/sites\/7\/2023\/03\/Wasserstoffagentur_Pressekonferenz_Web.jpg","_links":{"self":[{"href":"https:\/\/www.woge-saar.de\/en\/wp-json\/wp\/v2\/media\/4334","targetHints":{"allow":["GET"]}}],"collection":[{"href":"https:\/\/www.woge-saar.de\/en\/wp-json\/wp\/v2\/media"}],"about":[{"href":"https:\/\/www.woge-saar.de\/en\/wp-json\/wp\/v2\/types\/attachment"}],"author":[{"embeddable":true,"href":"https:\/\/www.woge-saar.de\/en\/wp-json\/wp\/v2\/users\/8"}],"replies":[{"embeddable":true,"href":"https:\/\/www.woge-saar.de\/en\/wp-json\/wp\/v2\/comments?post=4334"}]}}

<!-- This site is optimized with the Yoast SEO plugin v27.4 - https://yoast.com/product/yoast-seo-wordpress/ -->
<title>Wasserstoffagentur Pressekonferenz - Woge Saar</title>
<meta name="robots" content="index, follow, max-snippet:-1, max-image-preview:large, max-video-preview:-1" />
<link rel="canonical" href="https://www.woge-saar.de/wp-content/uploads/sites/7/2023/03/Wasserstoffagentur_Pressekonferenz_Web.jpg" />
<meta property="og:locale" content="en_US" />
<meta property="og:type" content="article" />
<meta property="og:title" content="Wasserstoffagentur Pressekonferenz - Woge Saar" />
<meta property="og:description" content="Wirtschaftsminister Barke und die technische Geschäftsführerin der saarländischen Wasserstoffagentur Dr. Bettina Hübschen Foto: © MWIDE" />
<meta property="og:url" content="https://www.woge-saar.de/wp-content/uploads/sites/7/2023/03/Wasserstoffagentur_Pressekonferenz_Web.jpg" />
<meta property="og:site_name" content="Woge Saar" />
<meta property="og:image" content="https://www.woge-saar.de/wp-content/uploads/sites/7/2023/03/Wasserstoffagentur_Pressekonferenz_Web.jpg" />
	<meta property="og:image:width" content="1248" />
	<meta property="og:image:height" content="1872" />
	<meta property="og:image:type" content="image/jpeg" />
<script type="application/ld+json" class="yoast-schema-graph">{"@context":"https:\/\/schema.org","@graph":[{"@type":"WebPage","@id":"https:\/\/www.woge-saar.de\/wp-content\/uploads\/sites\/7\/2023\/03\/Wasserstoffagentur_Pressekonferenz_Web.jpg","url":"https:\/\/www.woge-saar.de\/wp-content\/uploads\/sites\/7\/2023\/03\/Wasserstoffagentur_Pressekonferenz_Web.jpg","name":"Wasserstoffagentur Pressekonferenz - Woge Saar","isPartOf":{"@id":"https:\/\/www.freundlich-wohnen.de\/#website"},"datePublished":"2023-03-15T14:17:41+00:00","breadcrumb":{"@id":"https:\/\/www.woge-saar.de\/wp-content\/uploads\/sites\/7\/2023\/03\/Wasserstoffagentur_Pressekonferenz_Web.jpg#breadcrumb"},"inLanguage":"en-US","potentialAction":[{"@type":"ReadAction","target":["https:\/\/www.woge-saar.de\/wp-content\/uploads\/sites\/7\/2023\/03\/Wasserstoffagentur_Pressekonferenz_Web.jpg"]}]},{"@type":"BreadcrumbList","@id":"https:\/\/www.woge-saar.de\/wp-content\/uploads\/sites\/7\/2023\/03\/Wasserstoffagentur_Pressekonferenz_Web.jpg#breadcrumb","itemListElement":[{"@type":"ListItem","position":1,"name":"Startseite","item":"https:\/\/www.woge-saar.de\/en\/"},{"@type":"ListItem","position":2,"name":"Wasserstoffagentur Pressekonferenz"}]},{"@type":"WebSite","@id":"https:\/\/www.freundlich-wohnen.de\/#website","url":"https:\/\/www.freundlich-wohnen.de\/","name":"Woge Saar","description":"Eine weitere SHS | Strukturholding Saar Seiten Seite","potentialAction":[{"@type":"SearchAction","target":{"@type":"EntryPoint","urlTemplate":"https:\/\/www.freundlich-wohnen.de\/?s={search_term_string}"},"query-input":{"@type":"PropertyValueSpecification","valueRequired":true,"valueName":"search_term_string"}}],"inLanguage":"en-US"}]}</script>
<!-- / Yoast SEO plugin. -->

Wirtschaftsminister Barke und die technische Geschäftsführerin der saarländischen Wasserstoffagentur Dr. Bettina Hübschen Foto: © MWIDE

<p>Wirtschaftsminister Barke und die technische Geschäftsführerin der saarländischen Wasserstoffagentur Dr. Bettina Hübschen<br />
Foto: © MWIDE</p>
