{"id":5478,"date":"2025-06-16T16:22:26","date_gmt":"2025-06-16T14:22:26","guid":{"rendered":"https:\/\/www.freundlich-wohnen.de\/wp-content\/uploads\/sites\/7\/2025\/06\/Woge_Richtfest_81479-scaled.jpg"},"modified":"2025-06-16T16:22:27","modified_gmt":"2025-06-16T14:22:27","slug":"richtfest-studentenwohnhaus-2-2","status":"inherit","type":"attachment","link":"https:\/\/www.woge-saar.de\/en\/richtfest-studentenwohnhaus-2-2\/","title":{"rendered":"Richtfest Studentenwohnhaus"},"author":7,"featured_media":0,"comment_status":"closed","ping_status":"closed","template":"","meta":{"_acf_changed":false},"class_list":["post-5478","attachment","type-attachment","status-inherit","hentry"],"acf":[],"yoast_head":"<!-- This site is optimized with the Yoast SEO plugin v27.4 - https:\/\/yoast.com\/product\/yoast-seo-wordpress\/ -->\n<title>Richtfest Studentenwohnhaus - Woge Saar<\/title>\n<meta name=\"robots\" content=\"index, follow, max-snippet:-1, max-image-preview:large, max-video-preview:-1\" \/>\n<link rel=\"canonical\" href=\"https:\/\/www.woge-saar.de\/wp-content\/uploads\/sites\/7\/2025\/06\/Woge_Richtfest_81479-scaled.jpg\" \/>\n<meta property=\"og:locale\" content=\"en_US\" \/>\n<meta property=\"og:type\" content=\"article\" \/>\n<meta property=\"og:title\" content=\"Richtfest Studentenwohnhaus - Woge Saar\" \/>\n<meta property=\"og:description\" content=\"`Das Projekt zeigt eindrucksvoll, wie zielgerichtete F\u00f6rderung Investitionen erm\u00f6glicht\u00b4 betont WOGE-Aufsichtsratsvorsitzender Torsten Lang.  Foto: Oliver Dietze\" \/>\n<meta property=\"og:url\" content=\"https:\/\/www.woge-saar.de\/wp-content\/uploads\/sites\/7\/2025\/06\/Woge_Richtfest_81479-scaled.jpg\" \/>\n<meta property=\"og:site_name\" content=\"Woge Saar\" \/>\n<meta property=\"article:modified_time\" content=\"2025-06-16T14:22:27+00:00\" \/>\n<meta property=\"og:image\" content=\"https:\/\/www.woge-saar.de\/wp-content\/uploads\/sites\/7\/2025\/06\/Woge_Richtfest_81479-scaled.jpg\" \/>\n\t<meta property=\"og:image:width\" content=\"2560\" \/>\n\t<meta property=\"og:image:height\" content=\"1707\" \/>\n\t<meta property=\"og:image:type\" content=\"image\/jpeg\" \/>\n<script type=\"application\/ld+json\" class=\"yoast-schema-graph\">{\"@context\":\"https:\\\/\\\/schema.org\",\"@graph\":[{\"@type\":\"WebPage\",\"@id\":\"https:\\\/\\\/www.woge-saar.de\\\/wp-content\\\/uploads\\\/sites\\\/7\\\/2025\\\/06\\\/Woge_Richtfest_81479-scaled.jpg\",\"url\":\"https:\\\/\\\/www.woge-saar.de\\\/wp-content\\\/uploads\\\/sites\\\/7\\\/2025\\\/06\\\/Woge_Richtfest_81479-scaled.jpg\",\"name\":\"Richtfest Studentenwohnhaus - Woge Saar\",\"isPartOf\":{\"@id\":\"https:\\\/\\\/www.freundlich-wohnen.de\\\/#website\"},\"datePublished\":\"2025-06-16T14:22:26+00:00\",\"dateModified\":\"2025-06-16T14:22:27+00:00\",\"breadcrumb\":{\"@id\":\"https:\\\/\\\/www.woge-saar.de\\\/wp-content\\\/uploads\\\/sites\\\/7\\\/2025\\\/06\\\/Woge_Richtfest_81479-scaled.jpg#breadcrumb\"},\"inLanguage\":\"en-US\",\"potentialAction\":[{\"@type\":\"ReadAction\",\"target\":[\"https:\\\/\\\/www.woge-saar.de\\\/wp-content\\\/uploads\\\/sites\\\/7\\\/2025\\\/06\\\/Woge_Richtfest_81479-scaled.jpg\"]}]},{\"@type\":\"BreadcrumbList\",\"@id\":\"https:\\\/\\\/www.woge-saar.de\\\/wp-content\\\/uploads\\\/sites\\\/7\\\/2025\\\/06\\\/Woge_Richtfest_81479-scaled.jpg#breadcrumb\",\"itemListElement\":[{\"@type\":\"ListItem\",\"position\":1,\"name\":\"Startseite\",\"item\":\"https:\\\/\\\/www.woge-saar.de\\\/en\\\/\"},{\"@type\":\"ListItem\",\"position\":2,\"name\":\"Richtfest Studentenwohnhaus\"}]},{\"@type\":\"WebSite\",\"@id\":\"https:\\\/\\\/www.freundlich-wohnen.de\\\/#website\",\"url\":\"https:\\\/\\\/www.freundlich-wohnen.de\\\/\",\"name\":\"Woge Saar\",\"description\":\"Eine weitere SHS | Strukturholding Saar Seiten Seite\",\"potentialAction\":[{\"@type\":\"SearchAction\",\"target\":{\"@type\":\"EntryPoint\",\"urlTemplate\":\"https:\\\/\\\/www.freundlich-wohnen.de\\\/?s={search_term_string}\"},\"query-input\":{\"@type\":\"PropertyValueSpecification\",\"valueRequired\":true,\"valueName\":\"search_term_string\"}}],\"inLanguage\":\"en-US\"}]}<\/script>\n<!-- \/ Yoast SEO plugin. -->","yoast_head_json":{"title":"Richtfest Studentenwohnhaus - Woge Saar","robots":{"index":"index","follow":"follow","max-snippet":"max-snippet:-1","max-image-preview":"max-image-preview:large","max-video-preview":"max-video-preview:-1"},"canonical":"https:\/\/www.woge-saar.de\/wp-content\/uploads\/sites\/7\/2025\/06\/Woge_Richtfest_81479-scaled.jpg","og_locale":"en_US","og_type":"article","og_title":"Richtfest Studentenwohnhaus - Woge Saar","og_description":"`Das Projekt zeigt eindrucksvoll, wie zielgerichtete F\u00f6rderung Investitionen erm\u00f6glicht\u00b4 betont WOGE-Aufsichtsratsvorsitzender Torsten Lang.  Foto: Oliver Dietze","og_url":"https:\/\/www.woge-saar.de\/wp-content\/uploads\/sites\/7\/2025\/06\/Woge_Richtfest_81479-scaled.jpg","og_site_name":"Woge Saar","article_modified_time":"2025-06-16T14:22:27+00:00","og_image":[{"width":2560,"height":1707,"url":"https:\/\/www.woge-saar.de\/wp-content\/uploads\/sites\/7\/2025\/06\/Woge_Richtfest_81479-scaled.jpg","type":"image\/jpeg"}],"schema":{"@context":"https:\/\/schema.org","@graph":[{"@type":"WebPage","@id":"https:\/\/www.woge-saar.de\/wp-content\/uploads\/sites\/7\/2025\/06\/Woge_Richtfest_81479-scaled.jpg","url":"https:\/\/www.woge-saar.de\/wp-content\/uploads\/sites\/7\/2025\/06\/Woge_Richtfest_81479-scaled.jpg","name":"Richtfest Studentenwohnhaus - Woge Saar","isPartOf":{"@id":"https:\/\/www.freundlich-wohnen.de\/#website"},"datePublished":"2025-06-16T14:22:26+00:00","dateModified":"2025-06-16T14:22:27+00:00","breadcrumb":{"@id":"https:\/\/www.woge-saar.de\/wp-content\/uploads\/sites\/7\/2025\/06\/Woge_Richtfest_81479-scaled.jpg#breadcrumb"},"inLanguage":"en-US","potentialAction":[{"@type":"ReadAction","target":["https:\/\/www.woge-saar.de\/wp-content\/uploads\/sites\/7\/2025\/06\/Woge_Richtfest_81479-scaled.jpg"]}]},{"@type":"BreadcrumbList","@id":"https:\/\/www.woge-saar.de\/wp-content\/uploads\/sites\/7\/2025\/06\/Woge_Richtfest_81479-scaled.jpg#breadcrumb","itemListElement":[{"@type":"ListItem","position":1,"name":"Startseite","item":"https:\/\/www.woge-saar.de\/en\/"},{"@type":"ListItem","position":2,"name":"Richtfest Studentenwohnhaus"}]},{"@type":"WebSite","@id":"https:\/\/www.freundlich-wohnen.de\/#website","url":"https:\/\/www.freundlich-wohnen.de\/","name":"Woge Saar","description":"Eine weitere SHS | Strukturholding Saar Seiten Seite","potentialAction":[{"@type":"SearchAction","target":{"@type":"EntryPoint","urlTemplate":"https:\/\/www.freundlich-wohnen.de\/?s={search_term_string}"},"query-input":{"@type":"PropertyValueSpecification","valueRequired":true,"valueName":"search_term_string"}}],"inLanguage":"en-US"}]}},"smush":{"stats":{"time":0.56,"bytes":59320,"percent":3.3,"size_before":1797223,"size_after":1737903,"lossy":0,"keep_exif":0,"api_version":"1.0"},"sizes":{"thumbnail":{"time":0,"bytes":522,"percent":6.45,"size_before":8093,"size_after":7571},"gallery-thumb":{"time":0.01,"bytes":2194,"percent":4.69,"size_before":46743,"size_after":44549},"quickguide-thumb":{"time":0.01,"bytes":1513,"percent":5.02,"size_before":30140,"size_after":28627},"ansprechpartner-thumb":{"time":0.03,"bytes":2032,"percent":4.39,"size_before":46273,"size_after":44241},"news-thumb":{"time":0.01,"bytes":1849,"percent":4.98,"size_before":37113,"size_after":35264},"medium_large":{"time":0.03,"bytes":3650,"percent":4.24,"size_before":86127,"size_after":82477},"medium":{"time":0.01,"bytes":1049,"percent":5.71,"size_before":18378,"size_after":17329},"headerGrafik2000":{"time":0.03,"bytes":3571,"percent":2.36,"size_before":151342,"size_after":147771},"1536x1536":{"time":0.05,"bytes":8381,"percent":3.25,"size_before":258159,"size_after":249778},"2048x2048":{"time":0.09,"bytes":12239,"percent":3.03,"size_before":404586,"size_after":392347},"large":{"time":0.03,"bytes":5377,"percent":3.89,"size_before":138157,"size_after":132780},"wp_scaled":{"time":0.26,"bytes":16943,"percent":2.96,"size_before":572112,"size_after":555169}}},"description":{"rendered":"<p class=\"attachment\"><a href='https:\/\/www.woge-saar.de\/wp-content\/uploads\/sites\/7\/2025\/06\/Woge_Richtfest_81479-scaled.jpg'><img loading=\"lazy\" decoding=\"async\" width=\"300\" height=\"200\" src=\"https:\/\/www.woge-saar.de\/wp-content\/uploads\/sites\/7\/2025\/06\/Woge_Richtfest_100774-300x200.jpg\" class=\"attachment-medium size-medium\" alt=\"\" srcset=\"https:\/\/www.woge-saar.de\/wp-content\/uploads\/sites\/7\/2025\/06\/Woge_Richtfest_100774-300x200.jpg 300w, https:\/\/www.woge-saar.de\/wp-content\/uploads\/sites\/7\/2025\/06\/Woge_Richtfest_100774-1024x683.jpg 1024w, https:\/\/www.woge-saar.de\/wp-content\/uploads\/sites\/7\/2025\/06\/Woge_Richtfest_100774-768x512.jpg 768w, https:\/\/www.woge-saar.de\/wp-content\/uploads\/sites\/7\/2025\/06\/Woge_Richtfest_100774-1536x1024.jpg 1536w, https:\/\/www.woge-saar.de\/wp-content\/uploads\/sites\/7\/2025\/06\/Woge_Richtfest_100774-2048x1365.jpg 2048w\" sizes=\"auto, (max-width: 300px) 100vw, 300px\" \/><\/a><\/p>\n"},"caption":{"rendered":"<p>`Das Projekt zeigt eindrucksvoll, wie zielgerichtete F\u00f6rderung Investitionen erm\u00f6glicht\u00b4 betont WOGE-Aufsichtsratsvorsitzender Torsten Lang.<br \/>\nFoto: Oliver Dietze<\/p>\n"},"alt_text":"","media_type":"image","mime_type":"image\/jpeg","media_details":{"width":2560,"height":1707,"file":"2025\/06\/Woge_Richtfest_100774-scaled.jpg","filesize":572112,"sizes":{"medium":{"file":"Woge_Richtfest_100774-300x200.jpg","width":300,"height":200,"filesize":18378,"mime_type":"image\/jpeg","source_url":"https:\/\/www.woge-saar.de\/wp-content\/uploads\/sites\/7\/2025\/06\/Woge_Richtfest_100774-300x200.jpg"},"large":{"file":"Woge_Richtfest_100774-1024x683.jpg","width":1024,"height":683,"filesize":138157,"mime_type":"image\/jpeg","source_url":"https:\/\/www.woge-saar.de\/wp-content\/uploads\/sites\/7\/2025\/06\/Woge_Richtfest_100774-1024x683.jpg"},"thumbnail":{"file":"Woge_Richtfest_100774-150x150.jpg","width":150,"height":150,"filesize":8093,"mime_type":"image\/jpeg","source_url":"https:\/\/www.woge-saar.de\/wp-content\/uploads\/sites\/7\/2025\/06\/Woge_Richtfest_100774-150x150.jpg"},"medium_large":{"file":"Woge_Richtfest_100774-768x512.jpg","width":768,"height":512,"filesize":86127,"mime_type":"image\/jpeg","source_url":"https:\/\/www.woge-saar.de\/wp-content\/uploads\/sites\/7\/2025\/06\/Woge_Richtfest_100774-768x512.jpg"},"1536x1536":{"file":"Woge_Richtfest_100774-1536x1024.jpg","width":1536,"height":1024,"filesize":258159,"mime_type":"image\/jpeg","source_url":"https:\/\/www.woge-saar.de\/wp-content\/uploads\/sites\/7\/2025\/06\/Woge_Richtfest_100774-1536x1024.jpg"},"2048x2048":{"file":"Woge_Richtfest_100774-2048x1365.jpg","width":2048,"height":1365,"filesize":404586,"mime_type":"image\/jpeg","source_url":"https:\/\/www.woge-saar.de\/wp-content\/uploads\/sites\/7\/2025\/06\/Woge_Richtfest_100774-2048x1365.jpg"},"news-thumb":{"file":"Woge_Richtfest_100774-480x294.jpg","width":480,"height":294,"filesize":37113,"mime_type":"image\/jpeg","source_url":"https:\/\/www.woge-saar.de\/wp-content\/uploads\/sites\/7\/2025\/06\/Woge_Richtfest_100774-480x294.jpg"},"ansprechpartner-thumb":{"file":"Woge_Richtfest_100774-480x394.jpg","width":480,"height":394,"filesize":46273,"mime_type":"image\/jpeg","source_url":"https:\/\/www.woge-saar.de\/wp-content\/uploads\/sites\/7\/2025\/06\/Woge_Richtfest_100774-480x394.jpg"},"quickguide-thumb":{"file":"Woge_Richtfest_100774-478x238.jpg","width":478,"height":238,"filesize":30140,"mime_type":"image\/jpeg","source_url":"https:\/\/www.woge-saar.de\/wp-content\/uploads\/sites\/7\/2025\/06\/Woge_Richtfest_100774-478x238.jpg"},"gallery-thumb":{"file":"Woge_Richtfest_100774-600x320.jpg","width":600,"height":320,"filesize":46743,"mime_type":"image\/jpeg","source_url":"https:\/\/www.woge-saar.de\/wp-content\/uploads\/sites\/7\/2025\/06\/Woge_Richtfest_100774-600x320.jpg"},"headerGrafik2000":{"file":"Woge_Richtfest_100774-2000x680.jpg","width":2000,"height":680,"filesize":151342,"mime_type":"image\/jpeg","source_url":"https:\/\/www.woge-saar.de\/wp-content\/uploads\/sites\/7\/2025\/06\/Woge_Richtfest_100774-2000x680.jpg"},"full":{"file":"Woge_Richtfest_81479-scaled.jpg","width":2560,"height":1707,"mime_type":"image\/jpeg","source_url":"https:\/\/www.woge-saar.de\/wp-content\/uploads\/sites\/7\/2025\/06\/Woge_Richtfest_81479-scaled.jpg"}},"image_meta":{"aperture":"2","credit":"Oliver Dietze","camera":"NIKON Z 8","caption":"Richtfest des dritten Geb\u00e4udes der neuen Studentenwohnh\u00e4user auf dem Campus der Universit\u00e4t des Saarlandes am 16.06.2025. \rFoto: Oliver Dietze\r--\rVer\u00f6ffentlichung nur nach vorheriger Honorar-Vereinbarung und mit Namensnennung.\r\rOliver Dietze \/\/ +49-(0)177-9761996 \/\/ post@oliverdietze.de \/\/ USt-ID DE262797891","created_timestamp":"1750073042","copyright":"Oliver Dietze","focal_length":"20","iso":"100","shutter_speed":"0.00025","title":"Richtfest Studentenwohnhaus","orientation":"0","keywords":["Campus","SHS","Student","Studieren","UdS","Woge","Wohnen"]},"original_image":"Woge_Richtfest_100774.jpg"},"post":null,"source_url":"https:\/\/www.woge-saar.de\/wp-content\/uploads\/sites\/7\/2025\/06\/Woge_Richtfest_81479-scaled.jpg","_links":{"self":[{"href":"https:\/\/www.woge-saar.de\/en\/wp-json\/wp\/v2\/media\/5478","targetHints":{"allow":["GET"]}}],"collection":[{"href":"https:\/\/www.woge-saar.de\/en\/wp-json\/wp\/v2\/media"}],"about":[{"href":"https:\/\/www.woge-saar.de\/en\/wp-json\/wp\/v2\/types\/attachment"}],"author":[{"embeddable":true,"href":"https:\/\/www.woge-saar.de\/en\/wp-json\/wp\/v2\/users\/7"}],"replies":[{"embeddable":true,"href":"https:\/\/www.woge-saar.de\/en\/wp-json\/wp\/v2\/comments?post=5478"}]}}

<!-- This site is optimized with the Yoast SEO plugin v27.4 - https://yoast.com/product/yoast-seo-wordpress/ -->
<title>Richtfest Studentenwohnhaus - Woge Saar</title>
<meta name="robots" content="index, follow, max-snippet:-1, max-image-preview:large, max-video-preview:-1" />
<link rel="canonical" href="https://www.woge-saar.de/wp-content/uploads/sites/7/2025/06/Woge_Richtfest_81479-scaled.jpg" />
<meta property="og:locale" content="en_US" />
<meta property="og:type" content="article" />
<meta property="og:title" content="Richtfest Studentenwohnhaus - Woge Saar" />
<meta property="og:description" content="`Das Projekt zeigt eindrucksvoll, wie zielgerichtete Förderung Investitionen ermöglicht´ betont WOGE-Aufsichtsratsvorsitzender Torsten Lang.  Foto: Oliver Dietze" />
<meta property="og:url" content="https://www.woge-saar.de/wp-content/uploads/sites/7/2025/06/Woge_Richtfest_81479-scaled.jpg" />
<meta property="og:site_name" content="Woge Saar" />
<meta property="article:modified_time" content="2025-06-16T14:22:27+00:00" />
<meta property="og:image" content="https://www.woge-saar.de/wp-content/uploads/sites/7/2025/06/Woge_Richtfest_81479-scaled.jpg" />
	<meta property="og:image:width" content="2560" />
	<meta property="og:image:height" content="1707" />
	<meta property="og:image:type" content="image/jpeg" />
<script type="application/ld+json" class="yoast-schema-graph">{"@context":"https:\/\/schema.org","@graph":[{"@type":"WebPage","@id":"https:\/\/www.woge-saar.de\/wp-content\/uploads\/sites\/7\/2025\/06\/Woge_Richtfest_81479-scaled.jpg","url":"https:\/\/www.woge-saar.de\/wp-content\/uploads\/sites\/7\/2025\/06\/Woge_Richtfest_81479-scaled.jpg","name":"Richtfest Studentenwohnhaus - Woge Saar","isPartOf":{"@id":"https:\/\/www.freundlich-wohnen.de\/#website"},"datePublished":"2025-06-16T14:22:26+00:00","dateModified":"2025-06-16T14:22:27+00:00","breadcrumb":{"@id":"https:\/\/www.woge-saar.de\/wp-content\/uploads\/sites\/7\/2025\/06\/Woge_Richtfest_81479-scaled.jpg#breadcrumb"},"inLanguage":"en-US","potentialAction":[{"@type":"ReadAction","target":["https:\/\/www.woge-saar.de\/wp-content\/uploads\/sites\/7\/2025\/06\/Woge_Richtfest_81479-scaled.jpg"]}]},{"@type":"BreadcrumbList","@id":"https:\/\/www.woge-saar.de\/wp-content\/uploads\/sites\/7\/2025\/06\/Woge_Richtfest_81479-scaled.jpg#breadcrumb","itemListElement":[{"@type":"ListItem","position":1,"name":"Startseite","item":"https:\/\/www.woge-saar.de\/en\/"},{"@type":"ListItem","position":2,"name":"Richtfest Studentenwohnhaus"}]},{"@type":"WebSite","@id":"https:\/\/www.freundlich-wohnen.de\/#website","url":"https:\/\/www.freundlich-wohnen.de\/","name":"Woge Saar","description":"Eine weitere SHS | Strukturholding Saar Seiten Seite","potentialAction":[{"@type":"SearchAction","target":{"@type":"EntryPoint","urlTemplate":"https:\/\/www.freundlich-wohnen.de\/?s={search_term_string}"},"query-input":{"@type":"PropertyValueSpecification","valueRequired":true,"valueName":"search_term_string"}}],"inLanguage":"en-US"}]}</script>
<!-- / Yoast SEO plugin. -->

`Das Projekt zeigt eindrucksvoll, wie zielgerichtete Förderung Investitionen ermöglicht´ betont WOGE-Aufsichtsratsvorsitzender Torsten Lang.  Foto: Oliver Dietze

<p>`Das Projekt zeigt eindrucksvoll, wie zielgerichtete Förderung Investitionen ermöglicht´ betont WOGE-Aufsichtsratsvorsitzender Torsten Lang.<br />
Foto: Oliver Dietze</p>

Richtfest des dritten Gebäudes der neuen Studentenwohnhäuser auf dem Campus der Universität des Saarlandes am 16.06.2025. Foto: Oliver Dietze--Veröffentlichung nur nach vorheriger Honorar-Vereinbarung und mit Namensnennung.Oliver Dietze // +49-(0)177-9761996 // post@oliverdietze.de // USt-ID DE262797891
